{"id":90,"date":"2020-07-05T18:50:28","date_gmt":"2020-07-05T18:50:28","guid":{"rendered":"http:\/\/repaircafe.3d-assist.com\/?page_id=90"},"modified":"2025-10-30T12:57:49","modified_gmt":"2025-10-30T11:57:49","slug":"kontakt","status":"publish","type":"page","link":"https:\/\/repaircafemainz.org\/?page_id=90","title":{"rendered":"Kontakt"},"content":{"rendered":"\n<p>\u00dcber Ideen, Fragen, Kritik und Anregungen freuen wir uns.<\/p>\n\n\n\n<p><strong>Wir reparieren immer am letzten Freitag eines Monats in der Windm\u00fchlenschule, in der Generaloberst-Beck-Stra\u00dfe 1, 55129 Mainz.<\/strong> Alle genauen Termine sind auf dieser Website zu finden.<\/p>\n\n\n\n<p><strong>Email:<\/strong> info(at)RepairCafeMainz.de<\/p>\n\n\n\n<p><strong>Facebook:<\/strong> facebook.com\/RepairCafeMainz<\/p>\n\n\n\n<p><strong>Kontoverbindung: <\/strong><br>Kontoinhaber: Repair Caf\u00e9 Mainz e.V.<br>IBAN: DE18 8306 5408 0005 3368 56<br>BIC: GENO DEF1 SLR<\/p>\n\n\n\n<p><strong>Postadresse:<\/strong><br>Repair Caf\u00e9 Mainz e.V.<br>Generaloberst-Beck-Stra\u00dfe 1<br>55129 Mainz<\/p>\n\n\n\n<p>Nur wenige Gehminuten von der Tram-Haltestelle &#8222;Kurmainzkaserne\/Akademie der Wissenschaften&#8220;:<\/p>\n\n\n\n<figure class=\"wp-block-image size-large\"><img fetchpriority=\"high\" decoding=\"async\" width=\"1024\" height=\"352\" src=\"http:\/\/repaircafemainz.org\/wp-content\/uploads\/2023\/05\/image-1024x352.png\" alt=\"\" class=\"wp-image-873\" srcset=\"https:\/\/repaircafemainz.org\/wp-content\/uploads\/2023\/05\/image-1024x352.png 1024w, https:\/\/repaircafemainz.org\/wp-content\/uploads\/2023\/05\/image-300x103.png 300w, https:\/\/repaircafemainz.org\/wp-content\/uploads\/2023\/05\/image-768x264.png 768w, https:\/\/repaircafemainz.org\/wp-content\/uploads\/2023\/05\/image-1200x412.png 1200w, https:\/\/repaircafemainz.org\/wp-content\/uploads\/2023\/05\/image.png 1397w\" sizes=\"(max-width: 1024px) 100vw, 1024px\" \/><\/figure>\n\n\n\n<p><strong>Telefon<\/strong>: 06131 8928944 (nur Mittwochs erreichbar zwischen 18:00 Uhr und 20:00 Uhr). <\/p>\n\n\n\n<p><strong>Achtung!<\/strong> Wir bitten dringend um Beachtung, dass wir pers\u00f6nlich lediglich zu den \u00d6ffnungszeiten des Repair Caf\u00e9s (bzw. nach vorheriger Terminvereinbarung) zu erreichen sind! <\/p>\n\n\n\n<p>Von Anrufen bei der Windm\u00fchlenschule bitten wir unbedingt abzusehen, um den Schulbetrieb nicht zu st\u00f6ren.<\/p>\n\n\n\n<p>Danke f\u00fcr Ihr Verst\u00e4ndnis!<\/p>\n","protected":false},"excerpt":{"rendered":"<p>\u00dcber Ideen, Fragen, Kritik und Anregungen freuen wir uns. Wir reparieren immer am letzten Freitag eines Monats in der Windm\u00fchlenschule, in der Generaloberst-Beck-Stra\u00dfe 1, 55129 Mainz. Alle genauen Termine sind auf dieser Website zu finden. Email: info(at)RepairCafeMainz.de Facebook: facebook.com\/RepairCafeMainz Kontoverbindung: Kontoinhaber: Repair Caf\u00e9 Mainz e.V.IBAN: DE18 8306 5408 0005 3368 56BIC: GENO DEF1 SLR Postadresse:Repair Caf\u00e9 Mainz e.V.Generaloberst-Beck-Stra\u00dfe 155129 Mainz Nur wenige Gehminuten von der Tram-Haltestelle &#8222;Kurmainzkaserne\/Akademie der Wissenschaften&#8220;: Telefon: 06131 8928944 (nur Mittwochs erreichbar zwischen 18:00 Uhr und 20:00 Uhr). Achtung! Wir bitten dringend um Beachtung, dass wir pers\u00f6nlich lediglich zu den \u00d6ffnungszeiten des Repair Caf\u00e9s (bzw. nach vorheriger Terminvereinbarung) zu erreichen sind! Von Anrufen bei der Windm\u00fchlenschule bitten wir unbedingt abzusehen, um den Schulbetrieb nicht zu st\u00f6ren. Danke f\u00fcr Ihr Verst\u00e4ndnis!<\/p>\n","protected":false},"author":1,"featured_media":0,"parent":0,"menu_order":0,"comment_status":"closed","ping_status":"closed","template":"","meta":{"footnotes":""},"class_list":["post-90","page","type-page","status-publish","hentry"],"_links":{"self":[{"href":"https:\/\/repaircafemainz.org\/index.php?rest_route=\/wp\/v2\/pages\/90","targetHints":{"allow":["GET"]}}],"collection":[{"href":"https:\/\/repaircafemainz.org\/index.php?rest_route=\/wp\/v2\/pages"}],"about":[{"href":"https:\/\/repaircafemainz.org\/index.php?rest_route=\/wp\/v2\/types\/page"}],"author":[{"embeddable":true,"href":"https:\/\/repaircafemainz.org\/index.php?rest_route=\/wp\/v2\/users\/1"}],"replies":[{"embeddable":true,"href":"https:\/\/repaircafemainz.org\/index.php?rest_route=%2Fwp%2Fv2%2Fcomments&post=90"}],"version-history":[{"count":20,"href":"https:\/\/repaircafemainz.org\/index.php?rest_route=\/wp\/v2\/pages\/90\/revisions"}],"predecessor-version":[{"id":1310,"href":"https:\/\/repaircafemainz.org\/index.php?rest_route=\/wp\/v2\/pages\/90\/revisions\/1310"}],"wp:attachment":[{"href":"https:\/\/repaircafemainz.org\/index.php?rest_route=%2Fwp%2Fv2%2Fmedia&parent=90"}],"curies":[{"name":"wp","href":"https:\/\/api.w.org\/{rel}","templated":true}]}}