{"id":161,"date":"2020-07-18T21:02:27","date_gmt":"2020-07-18T21:02:27","guid":{"rendered":"http:\/\/repaircafe.3d-assist.com\/?page_id=161"},"modified":"2023-04-21T14:44:18","modified_gmt":"2023-04-21T12:44:18","slug":"fahrradwerkstatt","status":"publish","type":"page","link":"https:\/\/repaircafemainz.org\/?page_id=161","title":{"rendered":"Fahrradwerkstatt"},"content":{"rendered":"\n<p class=\"has-large-font-size\">Unsere Erfahrung lehrt uns, dass viele schon Probleme mit einem Platten haben. Umso besser, dass wir gemeinsam reparieren und so dann hoffentlich schon die n\u00e4chste kleine Panne selbsst\u00e4ndig behoben werden kann!<\/p>\n\n\n\n<p class=\"has-large-font-size\">Wir reparieren neben Fahrr\u00e4dern\u00a0nach M\u00f6glichkeit auch Kinderwagen, Roller, Dreir\u00e4der, und Koffer. Wichtig ist, dass Ersatzteile mitgebracht werden, wobei wir einige kleinere Verschlei\u00dfteile auch vorr\u00e4tig haben und zum Selbstkostenpreis abgeben. Wir bitten darum, dass die R\u00e4der vor dem Kommen geputzt werden.<\/p>\n","protected":false},"excerpt":{"rendered":"<p>Unsere Erfahrung lehrt uns, dass viele schon Probleme mit einem Platten haben. Umso besser, dass wir gemeinsam reparieren und so dann hoffentlich schon die n\u00e4chste kleine Panne selbsst\u00e4ndig behoben werden kann! Wir reparieren neben Fahrr\u00e4dern\u00a0nach M\u00f6glichkeit auch Kinderwagen, Roller, Dreir\u00e4der, und Koffer. Wichtig ist, dass Ersatzteile mitgebracht werden, wobei wir einige kleinere Verschlei\u00dfteile auch vorr\u00e4tig haben und zum Selbstkostenpreis abgeben. Wir bitten darum, dass die R\u00e4der vor dem Kommen geputzt werden.<\/p>\n","protected":false},"author":1,"featured_media":0,"parent":0,"menu_order":0,"comment_status":"closed","ping_status":"closed","template":"","meta":{"footnotes":""},"class_list":["post-161","page","type-page","status-publish","hentry"],"_links":{"self":[{"href":"https:\/\/repaircafemainz.org\/index.php?rest_route=\/wp\/v2\/pages\/161","targetHints":{"allow":["GET"]}}],"collection":[{"href":"https:\/\/repaircafemainz.org\/index.php?rest_route=\/wp\/v2\/pages"}],"about":[{"href":"https:\/\/repaircafemainz.org\/index.php?rest_route=\/wp\/v2\/types\/page"}],"author":[{"embeddable":true,"href":"https:\/\/repaircafemainz.org\/index.php?rest_route=\/wp\/v2\/users\/1"}],"replies":[{"embeddable":true,"href":"https:\/\/repaircafemainz.org\/index.php?rest_route=%2Fwp%2Fv2%2Fcomments&post=161"}],"version-history":[{"count":3,"href":"https:\/\/repaircafemainz.org\/index.php?rest_route=\/wp\/v2\/pages\/161\/revisions"}],"predecessor-version":[{"id":860,"href":"https:\/\/repaircafemainz.org\/index.php?rest_route=\/wp\/v2\/pages\/161\/revisions\/860"}],"wp:attachment":[{"href":"https:\/\/repaircafemainz.org\/index.php?rest_route=%2Fwp%2Fv2%2Fmedia&parent=161"}],"curies":[{"name":"wp","href":"https:\/\/api.w.org\/{rel}","templated":true}]}}