{"id":159,"date":"2020-07-18T21:02:07","date_gmt":"2020-07-18T21:02:07","guid":{"rendered":"http:\/\/repaircafe.3d-assist.com\/?page_id=159"},"modified":"2023-04-21T14:45:17","modified_gmt":"2023-04-21T12:45:17","slug":"elektroreparatur","status":"publish","type":"page","link":"https:\/\/repaircafemainz.org\/?page_id=159","title":{"rendered":"Elektroreparatur"},"content":{"rendered":"\n<p class=\"has-large-font-size\">Hier wird alles &#8211; vom Computer \u00fcber die N\u00e4hmaschine, den Staubsauger, Mixer, Toaster, Fernseher &#8211; an elektrischen\/elektronischen Ger\u00e4ten gemeinschaftlich zu reparieren versucht, was tragbar ist und einen Stecker hat &#8211; <strong>au\u00dfer Mikrowellenger\u00e4te<\/strong>. Gro\u00dfger\u00e4te, wie Waschmaschinen, Sp\u00fclmaschinen, K\u00fchlschr\u00e4nke etc reparieren wir im Repair Caf\u00e9 grunds\u00e4tzlich nicht.<\/p>\n\n\n\n<p class=\"has-large-font-size\">Wir bitten darum, die Ger\u00e4te in sauberem Zustand und nach M\u00f6glichkeit auch mit Bedienungsanleitung\/Bauplan mitzubringen. Je nach Ger\u00e4t ist auch darauf zu achten, Batterien, Netzteile, Speichermedien, Test-CD, Test-Kassette, Test-Schallplatte, Installations-CD, Leuchtmittel, Ladekabel, Papier, Druckerpatronen, Kabel, Stecker etc mitzubringen.<\/p>\n","protected":false},"excerpt":{"rendered":"<p>Hier wird alles &#8211; vom Computer \u00fcber die N\u00e4hmaschine, den Staubsauger, Mixer, Toaster, Fernseher &#8211; an elektrischen\/elektronischen Ger\u00e4ten gemeinschaftlich zu reparieren versucht, was tragbar ist und einen Stecker hat &#8211; au\u00dfer Mikrowellenger\u00e4te. Gro\u00dfger\u00e4te, wie Waschmaschinen, Sp\u00fclmaschinen, K\u00fchlschr\u00e4nke etc reparieren wir im Repair Caf\u00e9 grunds\u00e4tzlich nicht. Wir bitten darum, die Ger\u00e4te in sauberem Zustand und nach M\u00f6glichkeit auch mit Bedienungsanleitung\/Bauplan mitzubringen. Je nach Ger\u00e4t ist auch darauf zu achten, Batterien, Netzteile, Speichermedien, Test-CD, Test-Kassette, Test-Schallplatte, Installations-CD, Leuchtmittel, Ladekabel, Papier, Druckerpatronen, Kabel, Stecker etc mitzubringen.<\/p>\n","protected":false},"author":1,"featured_media":0,"parent":0,"menu_order":0,"comment_status":"closed","ping_status":"closed","template":"","meta":{"footnotes":""},"class_list":["post-159","page","type-page","status-publish","hentry"],"_links":{"self":[{"href":"https:\/\/repaircafemainz.org\/index.php?rest_route=\/wp\/v2\/pages\/159","targetHints":{"allow":["GET"]}}],"collection":[{"href":"https:\/\/repaircafemainz.org\/index.php?rest_route=\/wp\/v2\/pages"}],"about":[{"href":"https:\/\/repaircafemainz.org\/index.php?rest_route=\/wp\/v2\/types\/page"}],"author":[{"embeddable":true,"href":"https:\/\/repaircafemainz.org\/index.php?rest_route=\/wp\/v2\/users\/1"}],"replies":[{"embeddable":true,"href":"https:\/\/repaircafemainz.org\/index.php?rest_route=%2Fwp%2Fv2%2Fcomments&post=159"}],"version-history":[{"count":3,"href":"https:\/\/repaircafemainz.org\/index.php?rest_route=\/wp\/v2\/pages\/159\/revisions"}],"predecessor-version":[{"id":861,"href":"https:\/\/repaircafemainz.org\/index.php?rest_route=\/wp\/v2\/pages\/159\/revisions\/861"}],"wp:attachment":[{"href":"https:\/\/repaircafemainz.org\/index.php?rest_route=%2Fwp%2Fv2%2Fmedia&parent=159"}],"curies":[{"name":"wp","href":"https:\/\/api.w.org\/{rel}","templated":true}]}}